{"id":2350,"date":"2023-04-28T14:21:13","date_gmt":"2023-04-28T12:21:13","guid":{"rendered":"https:\/\/lhfrance.fr\/?page_id=2350"},"modified":"2023-04-28T14:55:41","modified_gmt":"2023-04-28T12:55:41","slug":"politique-de-confidentialite-2","status":"publish","type":"page","link":"https:\/\/lhfrance.fr\/?page_id=2350","title":{"rendered":"Politique de confidentialit\u00e9"},"content":{"rendered":"\t\t<div data-elementor-type=\"wp-page\" data-elementor-id=\"2350\" class=\"elementor elementor-2350\">\n\t\t\t\t\t\t\t\t\t<section class=\"elementor-section elementor-top-section elementor-element elementor-element-8ce3124 elementor-section-boxed elementor-section-height-default elementor-section-height-default\" data-id=\"8ce3124\" data-element_type=\"section\">\n\t\t\t\t\t\t<div class=\"elementor-container elementor-column-gap-default\">\n\t\t\t\t\t<div class=\"elementor-column elementor-col-100 elementor-top-column elementor-element elementor-element-9e1f619\" data-id=\"9e1f619\" data-element_type=\"column\">\n\t\t\t<div class=\"elementor-widget-wrap\">\n\t\t\t\t\t\t\t\t\t<\/div>\n\t\t<\/div>\n\t\t\t\t\t\t\t<\/div>\n\t\t<\/section>\n\t\t\t\t<section class=\"elementor-section elementor-top-section elementor-element elementor-element-4f3cdbe elementor-section-boxed elementor-section-height-default elementor-section-height-default\" data-id=\"4f3cdbe\" data-element_type=\"section\">\n\t\t\t\t\t\t<div class=\"elementor-container elementor-column-gap-default\">\n\t\t\t\t\t<div class=\"elementor-column elementor-col-100 elementor-top-column elementor-element elementor-element-c8cc454\" data-id=\"c8cc454\" data-element_type=\"column\">\n\t\t\t<div class=\"elementor-widget-wrap\">\n\t\t\t\t\t\t\t\t\t<\/div>\n\t\t<\/div>\n\t\t\t\t\t\t\t<\/div>\n\t\t<\/section>\n\t\t\t\t<section class=\"elementor-section elementor-top-section elementor-element elementor-element-9168add elementor-section-boxed elementor-section-height-default elementor-section-height-default\" data-id=\"9168add\" data-element_type=\"section\">\n\t\t\t\t\t\t<div class=\"elementor-container elementor-column-gap-default\">\n\t\t\t\t\t<div class=\"elementor-column elementor-col-100 elementor-top-column elementor-element elementor-element-0de7fc5\" data-id=\"0de7fc5\" data-element_type=\"column\">\n\t\t\t<div class=\"elementor-widget-wrap elementor-element-populated\">\n\t\t\t\t\t\t\t\t<div class=\"elementor-element elementor-element-3093856 elementor-widget elementor-widget-spacer\" data-id=\"3093856\" data-element_type=\"widget\" data-widget_type=\"spacer.default\">\n\t\t\t\t<div class=\"elementor-widget-container\">\n\t\t\t<style>\/*! elementor - v3.11.5 - 14-03-2023 *\/\n.elementor-column .elementor-spacer-inner{height:var(--spacer-size)}.e-con{--container-widget-width:100%}.e-con-inner>.elementor-widget-spacer,.e-con>.elementor-widget-spacer{width:var(--container-widget-width,var(--spacer-size));--align-self:var(--container-widget-align-self,initial);--flex-shrink:0}.e-con-inner>.elementor-widget-spacer>.elementor-widget-container,.e-con-inner>.elementor-widget-spacer>.elementor-widget-container>.elementor-spacer,.e-con>.elementor-widget-spacer>.elementor-widget-container,.e-con>.elementor-widget-spacer>.elementor-widget-container>.elementor-spacer{height:100%}.e-con-inner>.elementor-widget-spacer>.elementor-widget-container>.elementor-spacer>.elementor-spacer-inner,.e-con>.elementor-widget-spacer>.elementor-widget-container>.elementor-spacer>.elementor-spacer-inner{height:var(--container-widget-height,var(--spacer-size))}<\/style>\t\t<div class=\"elementor-spacer\">\n\t\t\t<div class=\"elementor-spacer-inner\"><\/div>\n\t\t<\/div>\n\t\t\t\t<\/div>\n\t\t\t\t<\/div>\n\t\t\t\t\t<\/div>\n\t\t<\/div>\n\t\t\t\t\t\t\t<\/div>\n\t\t<\/section>\n\t\t\t\t<section class=\"elementor-section elementor-top-section elementor-element elementor-element-08896b7 elementor-section-boxed elementor-section-height-default elementor-section-height-default\" data-id=\"08896b7\" data-element_type=\"section\">\n\t\t\t\t\t\t<div class=\"elementor-container elementor-column-gap-default\">\n\t\t\t\t\t<div class=\"elementor-column elementor-col-100 elementor-top-column elementor-element elementor-element-2a02f22\" data-id=\"2a02f22\" data-element_type=\"column\">\n\t\t\t<div class=\"elementor-widget-wrap elementor-element-populated\">\n\t\t\t\t\t\t\t\t<div class=\"elementor-element elementor-element-583486d elementor-widget elementor-widget-text-editor\" data-id=\"583486d\" data-element_type=\"widget\" data-widget_type=\"text-editor.default\">\n\t\t\t\t<div class=\"elementor-widget-container\">\n\t\t\t<style>\/*! elementor - v3.11.5 - 14-03-2023 *\/\n.elementor-widget-text-editor.elementor-drop-cap-view-stacked .elementor-drop-cap{background-color:#818a91;color:#fff}.elementor-widget-text-editor.elementor-drop-cap-view-framed .elementor-drop-cap{color:#818a91;border:3px solid;background-color:transparent}.elementor-widget-text-editor:not(.elementor-drop-cap-view-default) .elementor-drop-cap{margin-top:8px}.elementor-widget-text-editor:not(.elementor-drop-cap-view-default) .elementor-drop-cap-letter{width:1em;height:1em}.elementor-widget-text-editor .elementor-drop-cap{float:left;text-align:center;line-height:1;font-size:50px}.elementor-widget-text-editor .elementor-drop-cap-letter{display:inline-block}<\/style>\t\t\t\t<p>LH France s\u2019engage \u00e0 prot\u00e9ger votre vie priv\u00e9e. Contactez-nous \u00e0 l\u2019adresse info@lh-france.fr si vous avez des questions ou des probl\u00e8mes concernant l\u2019utilisation de vos donn\u00e9es personnelles et nous serons heureux de vous aider.<\/p>\n<p>En utilisant ce site ou\/et nos services, vous consentez au traitement de vos donn\u00e9es personnelles tel que d\u00e9crit dans la pr\u00e9sente politique de confidentialit\u00e9.<\/p>\n<p><strong>D\u00e9finitions<\/strong><\/p>\n<p><strong>Donn\u00e9es \u00e0 caract\u00e8re personnel<\/strong>&nbsp;\u2013 toute information relative \u00e0 une personne physique identifi\u00e9e ou identifiable.<br><strong>Traitement<\/strong>&nbsp;\u2013 toute op\u00e9ration ou ensemble d\u2019op\u00e9rations qui sont effectu\u00e9es sur des donn\u00e9es \u00e0 caract\u00e8re personnel ou sur des ensembles de donn\u00e9es \u00e0 caract\u00e8re personnel.<br><strong>Personne concern\u00e9e<\/strong>&nbsp;\u2013 une personne physique dont les donn\u00e9es \u00e0 caract\u00e8re personnel sont trait\u00e9es.<br><strong>Enfant<\/strong>&nbsp;\u2013 une personne physique \u00e2g\u00e9e de moins de 16 ans.<br><strong>Nous\/nous<\/strong>&nbsp;(en majuscules ou non) \u2013 LH France<\/p>\n<p><strong>Principes de protection des donn\u00e9es<\/strong><\/p>\n<p>Nous nous engageons \u00e0 respecter les principes de protection des donn\u00e9es suivants :<\/p>\n<ul>\n<li>Le traitement est l\u00e9gal, \u00e9quitable et transparent. Nos activit\u00e9s de traitement ont des bases l\u00e9gales. Nous prenons toujours en consid\u00e9ration vos droits avant de traiter des donn\u00e9es \u00e0 caract\u00e8re personnel. Nous vous fournirons des informations sur le traitement des donn\u00e9es sur demande.<\/li>\n<li>Le traitement est limit\u00e9 \u00e0 la finalit\u00e9. Nos activit\u00e9s de traitement correspondent \u00e0 la finalit\u00e9 pour laquelle les donn\u00e9es \u00e0 caract\u00e8re personnel ont \u00e9t\u00e9 collect\u00e9es.<\/li>\n<li>Le traitement se fait avec un minimum de donn\u00e9es. Nous ne recueillons et ne traitons que le minimum de donn\u00e9es \u00e0 caract\u00e8re personnel requis pour toute finalit\u00e9.<\/li>\n<li>Le traitement est limit\u00e9 dans le temps. Nous ne conserverons pas vos donn\u00e9es personnelles plus longtemps que n\u00e9cessaire.<\/li>\n<li>Nous ferons de notre mieux pour garantir l\u2019exactitude des donn\u00e9es.<\/li>\n<li>Nous ferons de notre mieux pour garantir l\u2019int\u00e9grit\u00e9 et la confidentialit\u00e9 des donn\u00e9es.<\/li>\n<\/ul>\n<p><strong>Droits de la personne concern\u00e9e<\/strong><\/p>\n<p>La personne concern\u00e9e a les droits suivants :<\/p>\n<ul>\n<li>Droit \u00e0 l\u2019information \u2013 ce qui signifie que vous avez le droit de savoir si vos donn\u00e9es \u00e0 caract\u00e8re personnel sont trait\u00e9es ; quelles donn\u00e9es sont collect\u00e9es, d\u2019o\u00f9 elles sont obtenues et pourquoi et par qui elles sont trait\u00e9es.<\/li>\n<\/ul>\n<ul>\n<li>Droit d\u2019acc\u00e8s \u2013 ce qui signifie que vous avez le droit d\u2019acc\u00e9der aux donn\u00e9es recueillies aupr\u00e8s de vous ou \u00e0 votre sujet. Cela inclut votre droit de demander et d\u2019obtenir une copie des donn\u00e9es personnelles vous concernant qui ont \u00e9t\u00e9 collect\u00e9es.<\/li>\n<\/ul>\n<ul>\n<li>Droit de rectification \u2013 ce qui signifie que vous avez le droit de demander la rectification ou l\u2019effacement de vos donn\u00e9es \u00e0 caract\u00e8re personnel qui sont inexactes ou incompl\u00e8tes.<\/li>\n<\/ul>\n<ul>\n<li>Droit d\u2019effacement \u2013 ce qui signifie que, dans certaines circonstances, vous pouvez demander que vos donn\u00e9es \u00e0 caract\u00e8re personnel soient effac\u00e9es de nos dossiers.<\/li>\n<\/ul>\n<ul>\n<li>Droit de limiter le traitement \u2013 c\u2019est-\u00e0-dire que lorsque certaines conditions s\u2019appliquent, vous avez le droit de limiter le traitement de vos donn\u00e9es \u00e0 caract\u00e8re personnel.<\/li>\n<\/ul>\n<ul>\n<li>Droit d\u2019opposition au traitement \u2013 ce qui signifie que dans certains cas, vous avez le droit de vous opposer au traitement de vos donn\u00e9es \u00e0 caract\u00e8re personnel, par exemple dans le cas du marketing direct.<\/li>\n<\/ul>\n<ul>\n<li>Droit de s\u2019opposer au traitement automatis\u00e9 \u2013 ce qui signifie que vous avez le droit de vous opposer au traitement automatis\u00e9, y compris le profilage, et de ne pas \u00eatre soumis \u00e0 une d\u00e9cision fond\u00e9e uniquement sur le traitement automatis\u00e9. Ce droit que vous pouvez exercer chaque fois qu\u2019un r\u00e9sultat du profilage produit des effets juridiques vous concernant ou vous affectant de mani\u00e8re significative.<\/li>\n<\/ul>\n<ul>\n<li>Droit \u00e0 la portabilit\u00e9 des donn\u00e9es \u2013 vous avez le droit d\u2019obtenir vos donn\u00e9es \u00e0 caract\u00e8re personnel dans un format lisible par machine ou, si cela est possible, sous la forme d\u2019un transfert direct d\u2019un sous-traitant \u00e0 un autre.<\/li>\n<\/ul>\n<ul>\n<li>Droit de d\u00e9poser une plainte \u2013 si nous refusons votre demande au titre des droits d\u2019acc\u00e8s, nous vous en indiquerons les raisons. Si vous n\u2019\u00eates pas satisfait de la mani\u00e8re dont votre demande a \u00e9t\u00e9 trait\u00e9e, veuillez nous contacter.<\/li>\n<\/ul>\n<ul>\n<li>Droit \u00e0 l\u2019aide de&nbsp;<a href=\"https:\/\/www.comexbo.com\/politique-de-confidentialite\/#gdpr-contact\"><strong>l\u2019autorit\u00e9 de contr\u00f4le<\/strong><\/a>&nbsp;\u2013 ce qui signifie que vous avez le droit \u00e0 l\u2019aide d\u2019une autorit\u00e9 de contr\u00f4le et le droit \u00e0 d\u2019autres recours juridiques tels que la demande de dommages et int\u00e9r\u00eats.<\/li>\n<\/ul>\n<ul>\n<li>Droit de retrait du consentement \u2013 vous avez le droit de retirer tout consentement donn\u00e9 pour le traitement de vos donn\u00e9es \u00e0 caract\u00e8re personnel.<\/li>\n<\/ul>\n<p><strong>Les donn\u00e9es que nous recueillons<\/strong><\/p>\n<p><strong>Informations que vous nous avez fournies<\/strong><br>Il peut s\u2019agir de votre adresse \u00e9lectronique, de votre nom, de votre adresse de facturation, de votre adresse personnelle, etc. \u2013 principalement des informations n\u00e9cessaires pour vous servir ou pour am\u00e9liorer votre exp\u00e9rience client avec nous. Nous enregistrons les informations que vous nous fournissez afin que vous puissiez faire des commentaires ou exercer d\u2019autres activit\u00e9s sur le site web. Ces informations comprennent, par exemple, votre nom et votre adresse \u00e9lectronique.<\/p>\n<p><strong>Informations recueillies automatiquement \u00e0 votre sujet<\/strong><br>Cela inclut les informations qui sont automatiquement stock\u00e9es par les cookies et autres outils de session. Par exemple, votre adresse IP,&nbsp; etc. Ces informations sont utilis\u00e9es pour am\u00e9liorer votre exp\u00e9rience en tant que client. Ces informations sont utilis\u00e9es pour am\u00e9liorer votre exp\u00e9rience en tant que client. Lorsque vous utilisez nos services ou que vous consultez le contenu de notre site web, vos activit\u00e9s peuvent \u00eatre enregistr\u00e9es.<\/p>\n<p><strong>Informations de nos partenaires<\/strong><br>Nous recueillons des informations aupr\u00e8s de nos partenaires de confiance en leur confirmant qu\u2019ils ont des motifs l\u00e9gaux de nous les communiquer. Il s\u2019agit soit d\u2019informations que vous leur avez fournies directement, soit d\u2019informations qu\u2019ils ont recueillies sur vous pour d\u2019autres motifs juridiques.&nbsp;<\/p>\n<p><strong>Informations accessibles au public<\/strong><br>Nous pouvons recueillir des informations vous concernant qui sont accessibles au public.<\/p>\n<p><strong>Comment nous utilisons vos donn\u00e9es personnelles<\/strong><\/p>\n<p>Nous utilisons vos donn\u00e9es personnelles afin de :<\/p>\n<ul>\n<li>vous fournir notre service. Cela comprend par exemple l\u2019enregistrement de votre compte, la fourniture de services que vous avez demand\u00e9s, et la communication avec vous en rapport avec ces services, la communication et l\u2019interaction avec vous et la notification des modifications apport\u00e9es \u00e0 tout service.<\/li>\n<li>am\u00e9liorer votre exp\u00e9rience client ;<\/li>\n<li>remplir une obligation l\u00e9gale ou contractuelle ;<\/li>\n<\/ul>\n<p>Nous utilisons vos donn\u00e9es personnelles pour des raisons l\u00e9gitimes et\/ou avec votre consentement.<\/p>\n<p>Tant que vous ne nous avez pas inform\u00e9s du contraire, nous consid\u00e9rons que notre int\u00e9r\u00eat l\u00e9gitime est de vous proposer des services qui sont similaires ou identiques \u00e0 votre historique de comportement de navigation.<\/p>\n<p>Nous traitons vos donn\u00e9es personnelles afin de remplir les obligations d\u00e9coulant de la loi et\/ou d\u2019utiliser vos donn\u00e9es personnelles pour les options pr\u00e9vues par la loi. Nous nous r\u00e9servons le droit de rendre anonymes les donn\u00e9es personnelles recueillies et d\u2019utiliser ces donn\u00e9es. Nous n\u2019utiliserons les donn\u00e9es en dehors du champ d\u2019application de la pr\u00e9sente politique que si elles sont rendues anonymes. Nous conservons vos informations de facturation et les autres informations recueillies \u00e0 votre sujet aussi longtemps que n\u00e9cessaire \u00e0 des fins comptables ou pour satisfaire \u00e0 d\u2019autres obligations d\u00e9coulant de la loi, mais pas plus longtemps que la \u201cdur\u00e9e de vie\u201d de la donn\u00e9e personnel d\u00e9finie par la CNIL<\/p>\n<p>Nous pourrions traiter vos donn\u00e9es personnelles \u00e0 des fins suppl\u00e9mentaires qui ne sont pas mentionn\u00e9es ici, mais qui sont compatibles avec la finalit\u00e9 initiale pour laquelle les donn\u00e9es ont \u00e9t\u00e9 recueillies. Pour ce faire, nous nous assurerons que :<\/p>\n<ul>\n<li>le lien entre les finalit\u00e9s, le contexte et la nature des donn\u00e9es \u00e0 caract\u00e8re personnel est appropri\u00e9 pour un traitement ult\u00e9rieur ;<\/li>\n<li>le traitement ult\u00e9rieur ne porterait pas atteinte \u00e0 vos int\u00e9r\u00eats et<\/li>\n<li>il y aurait une garantie appropri\u00e9e pour le traitement.<\/li>\n<\/ul>\n<p>Nous vous informerons de tout traitement ult\u00e9rieur et de ses objectifs.<\/p>\n<p><strong>Qui d\u2019autre peut acc\u00e9der \u00e0 vos donn\u00e9es personnelles<\/strong><\/p>\n<p>Nous ne partageons pas vos donn\u00e9es personnelles avec des \u00e9trangers. Dans certains cas, les donn\u00e9es personnelles vous concernant sont communiqu\u00e9es \u00e0 nos partenaires de confiance afin de rendre possible la fourniture du service ou d\u2019am\u00e9liorer votre exp\u00e9rience en tant que client.<\/p>\n<p>Nous ne travaillons qu\u2019avec des partenaires de traitement qui sont en mesure d\u2019assurer un niveau de protection ad\u00e9quat de vos donn\u00e9es \u00e0 caract\u00e8re personnel. Nous divulguons vos donn\u00e9es \u00e0 caract\u00e8re personnel \u00e0 des tiers ou \u00e0 des fonctionnaires lorsque nous y sommes l\u00e9galement oblig\u00e9s. Nous pouvons divulguer vos donn\u00e9es \u00e0 caract\u00e8re personnel \u00e0 des tiers si vous y avez consenti ou s\u2019il existe d\u2019autres motifs l\u00e9gaux.<\/p>\n<p><strong>Comment nous s\u00e9curisons vos donn\u00e9es<\/strong><\/p>\n<p>Nous faisons de notre mieux pour assurer la s\u00e9curit\u00e9 de vos donn\u00e9es personnelles.&nbsp; Nous utilisons des protocoles s\u00fbrs pour la communication et le transfert de donn\u00e9es (tels que HTTPS). Nous utilisons l\u2019anonymat et le pseudonymat lorsque cela est appropri\u00e9. Nous surveillons nos syst\u00e8mes pour d\u00e9tecter d\u2019\u00e9ventuelles vuln\u00e9rabilit\u00e9s et attaques.<\/p>\n<p>M\u00eame si nous faisons de notre mieux, nous ne pouvons pas garantir la s\u00e9curit\u00e9 des informations. Toutefois, nous nous engageons \u00e0 informer les autorit\u00e9s comp\u00e9tentes en cas de violation des donn\u00e9es. Nous vous informerons \u00e9galement en cas de menace pour vos droits ou vos int\u00e9r\u00eats. Nous ferons tout ce qui est raisonnablement possible pour pr\u00e9venir les violations de la s\u00e9curit\u00e9 et pour aider les autorit\u00e9s en cas de violation.<\/p>\n<p>Si vous avez un compte chez nous, notez que vous devez garder votre nom d\u2019utilisateur et votre mot de passe secrets.<\/p>\n<p><strong>Enfants<\/strong><\/p>\n<p>Nous n\u2019avons pas l\u2019intention de recueillir ou de collecter sciemment des informations aupr\u00e8s des enfants. Nous ne ciblons pas les enfants avec nos services.<\/p>\n<p><strong>Cookies et autres technologies que nous utilisons<\/strong><\/p>\n<p>Nous utilisons des cookies et\/ou des technologies similaires pour analyser le comportement des clients, administrer le site web, suivre les mouvements des utilisateurs et recueillir des informations sur les utilisateurs. Ceci est fait afin de personnaliser et d\u2019am\u00e9liorer votre exp\u00e9rience avec nous.<\/p>\n<p>Un cookie est un petit fichier texte stock\u00e9 sur votre ordinateur. Les cookies stockent des informations qui sont utilis\u00e9es pour aider \u00e0 faire fonctionner les sites. Nous sommes les seuls \u00e0 pouvoir acc\u00e9der aux cookies cr\u00e9\u00e9s par notre site web. Vous pouvez contr\u00f4ler vos cookies au niveau du navigateur. En choisissant de d\u00e9sactiver les cookies, vous risquez d\u2019emp\u00eacher l\u2019utilisation de certaines fonctions.<\/p>\n<p><strong>Nous utilisons les cookies aux fins suivantes :<\/strong><\/p>\n<ul>\n<li>Cookies de fonctionnalit\u00e9 \u2013 ces cookies fournissent des fonctionnalit\u00e9s qui rendent l\u2019utilisation de notre service plus pratique et permettent de fournir des fonctionnalit\u00e9s plus personnalis\u00e9es. Par exemple, ils peuvent se souvenir de votre nom et de votre adresse \u00e9lectronique dans les formulaires de commentaires afin que vous n\u2019ayez pas \u00e0 saisir ces informations \u00e0 nouveau lors de votre prochain commentaire.<\/li>\n<li>Cookies analytiques \u2013 ces cookies sont utilis\u00e9s pour suivre l\u2019utilisation et les performances de notre site web et de nos services<\/li>\n<\/ul>\n<p>Vous pouvez supprimer les cookies stock\u00e9s sur votre ordinateur via les param\u00e8tres de votre navigateur. Vous pouvez \u00e9galement contr\u00f4ler certains cookies tiers en utilisant une plateforme d\u2019am\u00e9lioration de la confidentialit\u00e9 telle que&nbsp;<a href=\"http:\/\/optout.aboutads.info\/#!\/\">optout.aboutads.info<\/a>&nbsp;ou&nbsp;<a href=\"http:\/\/www.youronlinechoices.com\/\">youronlinechoices.com<\/a>. Pour plus d\u2019informations sur les cookies, visitez le site&nbsp;<a href=\"http:\/\/www.allaboutcookies.org\/\">allaboutcookies.org<\/a>.<\/p>\n<p><\/p>\n<p>Nous utilisons Google Analytics pour mesurer le trafic sur notre site web. Google a sa propre politique de confidentialit\u00e9 que vous pouvez consulter&nbsp;<a href=\"https:\/\/support.google.com\/analytics\/answer\/6004245\">ici<\/a>. Si vous souhaitez vous d\u00e9sengager du suivi par Google Analytics, visitez la&nbsp;<a href=\"https:\/\/tools.google.com\/dlpage\/gaoptout\">page de d\u00e9sengagement Google Analytics<\/a>.<\/p>\n<p><strong>Informations de contact<\/strong><\/p>\n<p><strong style=\"font-style: inherit; background-color: var(--ast-global-color-5); color: var(--ast-global-color-8);\">Autorit\u00e9 de surveillance<\/strong><br><\/p>\n<p><strong><br><\/strong><\/p>\n<p><strong>Modifications de la pr\u00e9sente politique de confidentialit\u00e9<\/strong><\/p>\n<p>Nous nous r\u00e9servons le droit de modifier la pr\u00e9sente politique de confidentialit\u00e9.<br>La derni\u00e8re modification date du 28 avril 2023.<\/p>\t\t\t\t\t\t<\/div>\n\t\t\t\t<\/div>\n\t\t\t\t\t<\/div>\n\t\t<\/div>\n\t\t\t\t\t\t\t<\/div>\n\t\t<\/section>\n\t\t\t\t\t\t\t<\/div>\n\t\t","protected":false},"excerpt":{"rendered":"<p>LH France s\u2019engage \u00e0 prot\u00e9ger votre vie priv\u00e9e. Contactez-nous \u00e0 l\u2019adresse info@lh-france.fr si vous avez des questions ou des probl\u00e8mes concernant l\u2019utilisation de vos donn\u00e9es personnelles et nous serons heureux de vous aider. En utilisant ce site ou\/et nos services, vous consentez au traitement de vos donn\u00e9es personnelles tel que d\u00e9crit dans la pr\u00e9sente politique &hellip;<\/p>\n<p class=\"read-more\"> <a class=\"\" href=\"https:\/\/lhfrance.fr\/?page_id=2350\"> <span class=\"screen-reader-text\">Politique de confidentialit\u00e9<\/span> Read More &raquo;<\/a><\/p>\n","protected":false},"author":1,"featured_media":0,"parent":0,"menu_order":0,"comment_status":"closed","ping_status":"closed","template":"","meta":{"om_disable_all_campaigns":false,"_uag_custom_page_level_css":"","_monsterinsights_skip_tracking":false,"_monsterinsights_sitenote_active":false,"_monsterinsights_sitenote_note":"","_monsterinsights_sitenote_category":0,"site-sidebar-layout":"no-sidebar","site-content-layout":"page-builder","ast-global-header-display":"","ast-main-header-display":"","ast-hfb-above-header-display":"","ast-hfb-below-header-display":"","ast-hfb-mobile-header-display":"","site-post-title":"disabled","ast-breadcrumbs-content":"","ast-featured-img":"disabled","footer-sml-layout":"","theme-transparent-header-meta":"","adv-header-id-meta":"","stick-header-meta":"","header-above-stick-meta":"","header-main-stick-meta":"","header-below-stick-meta":""},"aioseo_notices":[],"uagb_featured_image_src":{"full":false,"thumbnail":false,"medium":false,"medium_large":false,"large":false,"1536x1536":false,"2048x2048":false},"uagb_author_info":{"display_name":"carolane","author_link":"https:\/\/lhfrance.fr\/?author=1"},"uagb_comment_info":0,"uagb_excerpt":"LH France s\u2019engage \u00e0 prot\u00e9ger votre vie priv\u00e9e. Contactez-nous \u00e0 l\u2019adresse info@lh-france.fr si vous avez des questions ou des probl\u00e8mes concernant l\u2019utilisation de vos donn\u00e9es personnelles et nous serons heureux de vous aider. En utilisant ce site ou\/et nos services, vous consentez au traitement de vos donn\u00e9es personnelles tel que d\u00e9crit dans la pr\u00e9sente politique&hellip;","_links":{"self":[{"href":"https:\/\/lhfrance.fr\/index.php?rest_route=\/wp\/v2\/pages\/2350"}],"collection":[{"href":"https:\/\/lhfrance.fr\/index.php?rest_route=\/wp\/v2\/pages"}],"about":[{"href":"https:\/\/lhfrance.fr\/index.php?rest_route=\/wp\/v2\/types\/page"}],"author":[{"embeddable":true,"href":"https:\/\/lhfrance.fr\/index.php?rest_route=\/wp\/v2\/users\/1"}],"replies":[{"embeddable":true,"href":"https:\/\/lhfrance.fr\/index.php?rest_route=%2Fwp%2Fv2%2Fcomments&post=2350"}],"version-history":[{"count":4,"href":"https:\/\/lhfrance.fr\/index.php?rest_route=\/wp\/v2\/pages\/2350\/revisions"}],"predecessor-version":[{"id":2360,"href":"https:\/\/lhfrance.fr\/index.php?rest_route=\/wp\/v2\/pages\/2350\/revisions\/2360"}],"wp:attachment":[{"href":"https:\/\/lhfrance.fr\/index.php?rest_route=%2Fwp%2Fv2%2Fmedia&parent=2350"}],"curies":[{"name":"wp","href":"https:\/\/api.w.org\/{rel}","templated":true}]}}